{"id":649,"date":"2025-05-08T14:30:24","date_gmt":"2025-05-08T12:30:24","guid":{"rendered":"https:\/\/shopingdamour.fr\/?post_type=product&#038;p=649"},"modified":"2025-08-15T14:49:59","modified_gmt":"2025-08-15T12:49:59","slug":"bracelet-dore-agremente-de-perles-raffinees","status":"publish","type":"product","link":"https:\/\/shopingdamour.fr\/index.php\/product\/bracelet-dore-agremente-de-perles-raffinees\/","title":{"rendered":"Bracelet jonc \u00e0 perles blanches"},"content":{"rendered":"<div>\n<p>Craquez pour ce magnifique bracelet jonc \u00e0 perles blanches qui saura sublimer votre poignet avec \u00e9l\u00e9gance et raffinement. Parfait pour toutes les femmes en qu\u00eate d&rsquo;un accessoire tendance et chic, ce bracelet jonc est un v\u00e9ritable incontournable de votre bo\u00eete \u00e0 bijoux.<\/p>\n<ul>\n<li>Un design tendance et chic<\/li>\n<li>Un placage couleur or \u00e9l\u00e9gant<\/li>\n<li>Un motif rond intemporel<\/li>\n<\/ul>\n<\/div>\n<div class=\"bottom-readmore\"><\/div>\n","protected":false},"excerpt":{"rendered":"<p>Craquez pour ce magnifique bracelet jonc \u00e0 perles blanches qui saura sublimer votre poignet avec \u00e9l\u00e9gance et raffinement. Parfait pour toutes les femmes en qu\u00eate d&rsquo;un accessoire tendance et chic, ce bracelet jonc est un v\u00e9ritable incontournable de votre bo\u00eete \u00e0 bijoux.<\/p>\n<ul>\n<li>Un design tendance et chic<\/li>\n<li>Un placage couleur or \u00e9l\u00e9gant<\/li>\n<li>Un motif rond intemporel<\/li>\n<\/ul>\n","protected":false},"featured_media":686,"comment_status":"open","ping_status":"closed","template":"","meta":[],"product_brand":[],"product_cat":[37,39],"product_tag":[52,55,53,54],"class_list":{"0":"post-649","1":"product","2":"type-product","3":"status-publish","4":"has-post-thumbnail","6":"product_cat-bijoux","7":"product_cat-bracelet","8":"product_tag-bracelet","9":"product_tag-or","10":"product_tag-perles","11":"product_tag-plaque","13":"first","14":"instock","15":"sale","16":"taxable","17":"shipping-taxable","18":"purchasable","19":"product-type-simple"},"_links":{"self":[{"href":"https:\/\/shopingdamour.fr\/index.php\/wp-json\/wp\/v2\/product\/649","targetHints":{"allow":["GET"]}}],"collection":[{"href":"https:\/\/shopingdamour.fr\/index.php\/wp-json\/wp\/v2\/product"}],"about":[{"href":"https:\/\/shopingdamour.fr\/index.php\/wp-json\/wp\/v2\/types\/product"}],"replies":[{"embeddable":true,"href":"https:\/\/shopingdamour.fr\/index.php\/wp-json\/wp\/v2\/comments?post=649"}],"wp:featuredmedia":[{"embeddable":true,"href":"https:\/\/shopingdamour.fr\/index.php\/wp-json\/wp\/v2\/media\/686"}],"wp:attachment":[{"href":"https:\/\/shopingdamour.fr\/index.php\/wp-json\/wp\/v2\/media?parent=649"}],"wp:term":[{"taxonomy":"product_brand","embeddable":true,"href":"https:\/\/shopingdamour.fr\/index.php\/wp-json\/wp\/v2\/product_brand?post=649"},{"taxonomy":"product_cat","embeddable":true,"href":"https:\/\/shopingdamour.fr\/index.php\/wp-json\/wp\/v2\/product_cat?post=649"},{"taxonomy":"product_tag","embeddable":true,"href":"https:\/\/shopingdamour.fr\/index.php\/wp-json\/wp\/v2\/product_tag?post=649"}],"curies":[{"name":"wp","href":"https:\/\/api.w.org\/{rel}","templated":true}]}}