{"id":643,"date":"2024-12-23T02:56:32","date_gmt":"2024-12-23T01:56:32","guid":{"rendered":"https:\/\/shopingdamour.fr\/?post_type=product&#038;p=643"},"modified":"2025-05-08T14:55:24","modified_gmt":"2025-05-08T12:55:24","slug":"cordon-de-perles-pour-smartphone","status":"publish","type":"product","link":"https:\/\/shopingdamour.fr\/index.php\/product\/cordon-de-perles-pour-smartphone\/","title":{"rendered":"cordon de perles pour Smartphone"},"content":{"rendered":"<p>Luxueux cordon de perles pour Smartphone, \u00e9l\u00e9gant, ce cordon pr\u00e9sente un d\u00e9licat brin de perles roses parfaitement rondes et brillantes, m\u00e9ticuleusement dispos\u00e9es et uniform\u00e9ment espac\u00e9es pour cr\u00e9er un affichage<\/p>\n","protected":false},"excerpt":{"rendered":"<p>Luxueux cordon de perles pour Smartphone, \u00e9l\u00e9gant, ce cordon pr\u00e9sente un d\u00e9licat brin de perles roses parfaitement rondes et brillantes, m\u00e9ticuleusement dispos\u00e9es et uniform\u00e9ment espac\u00e9es pour cr\u00e9er un affichage<\/p>\n","protected":false},"featured_media":631,"comment_status":"open","ping_status":"closed","template":"","meta":[],"product_brand":[],"product_cat":[30,35],"product_tag":[],"class_list":{"0":"post-643","1":"product","2":"type-product","3":"status-publish","4":"has-post-thumbnail","6":"product_cat-accessoires-mob","7":"product_cat-cordon-mobile","9":"first","10":"instock","11":"taxable","12":"shipping-taxable","13":"purchasable","14":"product-type-simple"},"_links":{"self":[{"href":"https:\/\/shopingdamour.fr\/index.php\/wp-json\/wp\/v2\/product\/643","targetHints":{"allow":["GET"]}}],"collection":[{"href":"https:\/\/shopingdamour.fr\/index.php\/wp-json\/wp\/v2\/product"}],"about":[{"href":"https:\/\/shopingdamour.fr\/index.php\/wp-json\/wp\/v2\/types\/product"}],"replies":[{"embeddable":true,"href":"https:\/\/shopingdamour.fr\/index.php\/wp-json\/wp\/v2\/comments?post=643"}],"wp:featuredmedia":[{"embeddable":true,"href":"https:\/\/shopingdamour.fr\/index.php\/wp-json\/wp\/v2\/media\/631"}],"wp:attachment":[{"href":"https:\/\/shopingdamour.fr\/index.php\/wp-json\/wp\/v2\/media?parent=643"}],"wp:term":[{"taxonomy":"product_brand","embeddable":true,"href":"https:\/\/shopingdamour.fr\/index.php\/wp-json\/wp\/v2\/product_brand?post=643"},{"taxonomy":"product_cat","embeddable":true,"href":"https:\/\/shopingdamour.fr\/index.php\/wp-json\/wp\/v2\/product_cat?post=643"},{"taxonomy":"product_tag","embeddable":true,"href":"https:\/\/shopingdamour.fr\/index.php\/wp-json\/wp\/v2\/product_tag?post=643"}],"curies":[{"name":"wp","href":"https:\/\/api.w.org\/{rel}","templated":true}]}}